visor of 891 and 11.
11
Calculate the highest common divisor of 265 and 90.
5
Calculate the greatest common divisor of 486 and 138.
6
What is the highest common factor of 24 and 1809?
3
Calculate the highest common divisor of 6 and 114.
6
What is the highest common factor of 99 and 4290?
33
Calculate the highest common divisor of 2392 and 1560.
104
Calculate the highest common factor of 51 and 1173.
51
What is the greatest common divisor of 183 and 1159?
61
Calculate the highest common factor of 100 and 25.
25
What is the highest common divisor of 64 and 496?
16
Calculate the highest common divisor of 70 and 560.
70
What is the highest common factor of 36 and 99?
9
Calculate the highest common divisor of 18 and 14.
2
Calculate the greatest common divisor of 53 and 4.
1
What is the highest common factor of 605 and 5555?
55
Calculate the highest common divisor of 423 and 47.
47
Calculate the highest common factor of 8410 and 10.
10
Calculate the greatest common factor of 4899 and 69.
69
What is the highest common divisor of 67 and 3551?
67
Calculate the greatest common divisor of 184 and 376.
8
What is the highest common factor of 16 and 1632?
16
What is the highest common factor of 336 and 119?
7
Calculate the greatest common divisor of 39936 and 104.
104
What is the highest common factor of 36 and 52?
4
Calculate the highest common divisor of 22 and 374.
22
What is the highest common factor of 26 and 988?
26
Calculate the greatest common divisor of 364 and 104.
52
What is the greatest common divisor of 47 and 71017?
47
Calculate the greatest common divisor of 697 and 41.
41
What is the greatest common factor of 6 and 338?
2
What is the greatest common factor of 270 and 990?
90
Calculate the highest common factor of 140 and 1435.
35
What is the highest common divisor of 9 and 27342?
9
What is the greatest common divisor of 27 and 2?
1
Calculate the greatest common divisor of 1903 and 11.
11
What is the greatest common divisor of 8919 and 18?
9
What is the highest common factor of 11 and 99?
11
Calculate the greatest common divisor of 493 and 136.
17
What is the greatest common factor of 111 and 1073?
37
What is the greatest common factor of 11 and 17?
1
What is the highest common factor of 45 and 1665?
45
What is the highest common divisor of 534 and 132?
6
Calculate the highest common factor of 896 and 192.
64
What is the highest common divisor of 3 and 81?
3
Calculate the greatest common divisor of 4715 and 230.
115
What is the greatest common divisor of 10317 and 285?
57
Calculate the greatest common divisor of 1 and 61.
1
Calculate the highest common factor of 16 and 69.
1
What is the highest common factor of 990 and 264?
66
What is the highest common divisor of 36 and 450?
18
What is the highest common divisor of 306 and 234?
18
What is the highest common divisor of 923 and 142?
71
Calculate the greatest common divisor of 42 and 42.
42
Calculate the greatest common divisor of 10 and 830.
10
What is the greatest common divisor of 256 and 272?
16
Calculate the greatest common factor of 50 and 650.
50
What is the greatest common factor of 280 and 30?
10
Calculate the highest common divisor of 45 and 351.
9
What is the highest common factor of 22 and 51502?
22
What is the highest common divisor of 238 and 70?
14
Calculate the greatest common divisor of 100 and 240.
20
Calculate the greatest common factor of 120 and 280.
40
Calculate the highest common factor of 6 and 62.
2
Calculate the greatest common divisor of 2451 and 1482.
57
Calculate the greatest common divisor of 31875 and 102.
51
Calculate the greatest common divisor of 1752 and 2.
2
What is the greatest common divisor of 75 and 3275?
25
What is the greatest common factor of 104 and 117?
13
What is the highest common divisor of 504 and 546?
42
What is the highest common divisor of 1032 and 301?
43
What is the highest common factor of 11449 and 107?
107
What is the greatest common factor of 6 and 6?
6
Calculate the highest common divisor of 6 and 7.
1
What is the highest common divisor of 1519 and 343?
49
What is the highest common divisor of 2337 and 861?
123
Calculate the greatest common factor of 26 and 3302.
26
Calculate the greatest common divisor of 30 and 210.
30
What is the greatest common factor of 26786 and 236?
118
Calculate the greatest common divisor of 10 and 45.
5
Calculate the highest common factor of 12467 and 274.
137
What is the greatest common factor of 3514 and 4267?
251
What is the greatest common factor of 74 and 111?
37
Calculate the greatest common divisor of 851 and 37.
37
What is the highest common divisor of 287 and 1107?
41
Calculate the highest common factor of 78 and 21.
3
What is the highest common divisor of 651 and 1147?
31
Calculate the highest common factor of 526 and 11309.
263
What is the greatest common divisor of 980 and 3640?
140
What is the highest common factor of 99 and 495?
99
What is the highest common factor of 5882 and 34?
34
What is the highest common divisor of 154 and 1463?
77
Calculate the highest common factor of 24 and 984.
24
Calculate the highest common factor of 165 and 385.
55
What is the highest common factor of 496 and 48?
16
Calculate the greatest common divisor of 256 and 68.
4
Calculate the greatest common divisor of 176 and 11.
11
What is the highest common factor of 218 and 2?
2
What is the highest common factor of 5053 and 163?
163
What is the greatest common factor of 833 and 34?
17
What is the greatest common divisor of 117 and 1209?
39
What is the greatest common factor of 15190 and 98?
98
Calculate the greatest common divisor of 3638 and 68.
34
Calculate the highest common divisor of 49 and 3136.
49
What is the highest common divisor of 85 and 408?
17
Calculate the greatest common divisor of 119 and 323.
17
Calculate the highest common factor of 299 and 1742.
13
What is the highest common divisor of 22 and 5478?
22
Calculate the highest common divisor of 100 and 270.
10
What is the highest common divisor of 88 and 297?
11
What is the greatest common divisor of 234 and 396?
18
What is the highest common factor of 50 and 880?
10
Calculate the greatest common factor of 27 and 10116.
9
What is the highest common divisor of 963 and 99?
9
Calculate the highest common divisor of 2438 and 437.
23
Calculate the highest common divisor of 357 and 63.
21
What is the highest common factor of 44 and 2816?
44
What is the highest common divisor of 15 and 165?
15
What is the greatest common divisor of 105 and 285?
15
What is the greatest common divisor of 861 and 3?
3
What is the greatest common factor of 133 and 28?
7
What is the highest common divisor of 759 and 2001?
69
What is the greatest common divisor of 39 and 4693?
13
Calculate the greatest common divisor of 99 and 55.
11
What is the highest common factor of 3610 and 10?
10
Calculate the greatest common divisor of 520 and 65.
65
What is the highest common factor of 24416 and 109?
109
Calculate the highest common factor of 3144 and 120.
24
Calculate the greatest common factor of 43 and 17243.
43
Calculate the highest common divisor of 18 and 22626.
18
Calculate the highest common divisor of 13 and 689.
13
Calculate the highest common factor of 25 and 3175.
25
Calculate the highest common factor of 8 and 692.
4
What is the highest common factor of 511 and 73?
73
Calculate the highest common divisor of 2242 and 6136.
118
Calculate the highest common divisor of 98 and 882.
98
Calculate the highest common divisor of 1395 and 180.
45
Calculate the greatest common factor of 342 and 38.
38
Calculate the highest common factor of 675 and 54.
27
Calculate the highest common factor of 208 and 32.
16
What is the highest common factor of 286 and 858?
286
What is the highest common factor of 5966 and 38?
38
Calculate the greatest common divisor of 156 and 3588.
156
What is the greatest common divisor of 114 and 1272?
6
Calculate the highest common factor of 4500 and 30.
30
What is the highest common factor of 470 and 10?
10
What is the highest common factor of 16 and 44?
4
Calculate the highest common factor of 57 and 76.
19
What is the highest common factor of 27 and 21?
3
What is the highest common factor of 5392 and 32?
16
Calculate the highest common factor of 5355 and 7.
7
What i